-73 + c. List the prime factors of q.
2, 61
Let b(h) = 2*h**3 + 15*h**2 + 7*h + 8. Suppose -4*m + 2*m + 5*j = -6, -2*m - 4*j = 30. List the prime factors of b(m).
2
Let a be 648/40 - 1/5. Suppose -a = -2*s + 3*x + 121, -s - 4*x = -41. What are the prime factors of s?
61
Let r(h) be the second derivative of h**5/20 - h**4/2 + 2*h**3 - 2*h**2 - 9*h. List the prime factors of r(5).
31
Suppose -w + n + 158 = 0, 3*w - n - 494 = -2*n. Let z = w - 76. List the prime factors of z.
3, 29
Let j(u) = -2*u**2 - 2 + 3 - u**3 - 7 + 0 + 5*u. Let b be j(-5). Let q = b - 13. What are the prime factors of q?
31
Suppose -5*f - 13 = -63. Suppose -s = -6*s + f. Suppose s*j + 0*j = 60. List the prime factors of j.
2, 3, 5
Suppose 3*g = -2*y - 7, 2*g = -g - y - 5. Let w be g/(4/40*-1). Let n(d) = 3*d - 11. List the prime factors of n(w).
19
Suppose 18*b = 16*b + 102. Let y = 1 + b. List the prime factors of y.
2, 13
Let o = -30 + 58. Suppose -6*l - 3*d = -3*l, 5*l + 2*d - 9 = 0. Suppose -o = l*n - 7*n. List the prime factors of n.
7
Let s(r) = 11*r**2 + 3*r - 1. List the prime factors of s(-2).
37
Let q be (-1 + -2513)/((-21)/(-28)). Let p be (-6)/27 - q/18. Suppose -5*k + 0*k = 3*h - p, -300 = -5*h - 5*k. What are the prime factors of h?
3, 19
Suppose -10*q + 0*q - 1180 = 0. Let h = 181 + q. What are the prime factors of h?
3, 7
Suppose 3*x = 193 + 95. Suppose -4*b + 2*b = -x. List the prime factors of b.
2, 3
Let h(x) = -6*x**2 - 5*x + 3. Let o(f) = -2*f - f + 1 - f**2 + 4*f. Let p(i) = h(i) - 5*o(i). What are the prime factors of p(-4)?
2, 11
Let z(s) = s**3 + 8*s**2 - 2*s + 4. Let n be z(-8). Let f = 7 - -2. Let t = n - f. What are the prime factors of t?
11
Let b(t) = -t**3 - 6*t**2 + 2*t - 3. Let n be b(-6). Let g = 14 + n. List the prime factors of -2 + 30 + (2 - g).
31
Let l be 6/(-9)*-3 - (-12 + 14). Suppose 2*d - 432 = -0*u - 4*u, -d - 3*u + 216 = l. What are the prime factors of d?
2, 3
Suppose 5*h - 776 = 1314. What are the prime factors of h?
2, 11, 19
Suppose -3*v = -8*v + 20. Suppose -8 + 24 = v*j. Suppose 8 = 2*y + j. What are the prime factors of y?
2
Suppose 2*k = 3*j + 585, -2*k - 4*j = -0*j - 550. What are the prime factors of k?
3, 5, 19
Let i(f) = -f - 16. Let t be i(-18). Suppose -a = -4*m + 980, -6*m + t*m + 5*a = -980. List the prime factors of m.
5, 7
Suppose -3*s - s - 6678 = -3*t, -8904 = -4*t - 3*s. List the prime factors of t.
2, 3, 7, 53
Let n(s) = -s**3 + 26*s**2 - 21*s + 54. Let p be 880/35 + 1/(-7). What are the prime factors of n(p)?
2, 7, 11
Let s = -62 + 60. What are the prime factors of (5 + -98)*2/s?
3, 31
Let x(r) = -r**2 - r**2 + 3*r**2 + 18*r**3. Let w(b) = -b. Let f be w(-1). List the prime factors of x(f).
19
Let c = -541 - -1459. What are the prime factors of c?
2, 3, 17
Suppose d = 2*k - 9, 4*k = 3*d - 0*d + 21. Let a(g) = 4 + 0*g**k + g**3 - 21*g + 18*g - 6*g**2. List the prime factors of a(7).
2
Let u(t) = -t**3 - 20*t**2 - t - 22. Let p be u(-20). What are the prime factors of ((-36)/(-108))/(0 - p/1464)?
2, 61
Let i = 11 - 8. Suppose i*n + 2*v = n - 6, -3*n - 2*v = 6. Suppose -4*z + 24 = -n*z. List the prime factors of z.
2, 3
Suppose -2*n + 0*n = -8. Suppose -3*w - 25 + 274 = -3*d, 433 = 5*w + n*d. What are the prime factors of w?
5, 17
Let a(s) = 2*s**2 - 4*s + 9. What are the prime factors of a(-6)?
3, 5, 7
Suppose 1 = -2*i - 5*a, a = -3*i + 5*a + 33. Let c = -1 + i. Suppose -74 = -c*t + 4. List the prime factors of t.
13
Let r(n) = -n**2 + 7*n + 12. Let s be 3 - (2 + -3)*4. List the prime factors of r(s).
2, 3
Let m(t) = 3*t**2 + 8*t + 6. Let z be (3/(-4))/((-13)/(-104)). List the prime factors of m(z).
2, 3, 11
Let a(m) = -9*m + 5. Let c be a(3). Let p = 0 - c. What are the prime factors of p?
2, 11
Suppose -21*l = -2*j - 26*l + 822, 4*l + 1644 = 4*j. What are the prime factors of j?
3, 137
Let u = -93 + 147. Suppose -v + 24 = -4*m, 4*m + 18 = 4*v - 18. Suppose -50 = -v*k + 3*y, 6 = 5*k - 5*y - u. What are the prime factors of k?
2, 7
Let z = -18 + 21. Suppose h - 121 = -z*a + a, 4*a = -4. What are the prime factors of h?
3, 41
Let t = -909 + 1291. Suppose 3*f = t - 43. List the prime factors of f.
113
Let n be ((-42)/15)/((-8)/20). Suppose n*f = 2*f + 40. What are the prime factors of 24/(-32) - (-470)/f?
2, 29
List the prime factors of ((-124)/(-1))/(33/264).
2, 31
Suppose 16 = -4*l, -3*a + 1740 = a - 3*l. What are the prime factors of a?
2, 3
Let x(k) = 4*k**2 - 107*k - 33. What are the prime factors of x(36)?
3, 433
Let o = 1707 + -591. List the prime factors of o.
2, 3, 31
Suppose 6*t = 16*t - 5900. List the prime factors of t.
2, 5, 59
Suppose -6*s + 0*s = 0. Suppose -5*r + 74 + 16 = s. Suppose r*f = 15*f + 81. List the prime factors of f.
3
Let j = -19 - -30. Suppose -n + 0 = j. Let g = n + 13. What are the prime factors of g?
2
Suppose s + 5*d = 3*s + 3, s = -3*d - 18. Let r = s + 25. What are the prime factors of r?
2
Let s(d) = -2*d - 2. Let i be s(-4). Let y be i/4*(-10)/(-3). Suppose -5*q - 10 = 0, b - 2 = -y*q + 10. List the prime factors of b.
2, 11
Let s = 5853 - 3839. List the prime factors of s.
2, 19, 53
List the prime factors of (44/(-8) + 4)*-346.
3, 173
Let u be (32/20)/((-5)/(-25)). Suppose -149 = -4*h - 3*c, 0 = -2*h - 4*c + 70 - u. List the prime factors of h.
41
Suppose -2*v = -2*a - 4, 4*v - 3*a + 6 = 14. Let h(r) = 0*r - 9 - 9*r**v - r**3 + 2*r**2 - 9*r. What are the prime factors of h(-6)?
3
Suppose 4*l + 16 = b, -1 + 4 = -l. Suppose -b*q + 22 = -3*g + 72, -2*g + 26 = q. Suppose -4*k + g = -26. List the prime factors of k.
2, 5
Suppose 50*t + 58266 = 77*t. List the prime factors of t.
2, 13, 83
Let x(w) = 68*w**3 + 2*w**2 - 13*w + 25. What are the prime factors of x(2)?
19, 29
Suppose 12*h - 6615 = -3*h. What are the prime factors of h?
3, 7
Let v be 159 + (-4 + 3 - -1). Suppose -589 + v = -5*y. List the prime factors of y.
2, 43
Let i(q) = -q**2 + 12*q + 9. Let z = -76 + 108. Let p = -20 + z. What are the prime factors of i(p)?
3
Suppose 5 = -5*b + 4*w - 11, -2*w + 8 = 0. Suppose b = -4*z + 263 + 53. List the prime factors of z.
79
Suppose -8*m - 698 = -50. Let a = 122 + m. List the prime factors of a.
41
Let y be 42/9 - 5/(-15). Suppose 0*l + 6 = -l - y*j, -2*j - 6 = 0. Suppose -11 - l = -b. List the prime factors of b.
2, 5
Let n be (3 + 0)*(-25)/(-3). Let x = 51 - n. List the prime factors of x.
2, 13
Suppose -5*t - 4*f = -51, 12 = 4*t - 6*f + 2*f. Suppose 0 = 4*p - 5*n + 37, -t = p - 2*n - 0. Let g = p - -18. List the prime factors of g.
5
Suppose -o - 5*c + 224 = 0, 17 + 376 = 2*o - c. Let m = o - 137. List the prime factors of m.
2, 31
Suppose -2*r + 22 = 4*q, 5*q = 2*q + 4*r + 22. Let k(a) = 5*a - a**2 + a + 8*a + q*a + 14. What are the prime factors of k(19)?
3, 11
Let y = 167 - -144. What are the prime factors of y?
311
Let z(r) = r**3 + 21*r**2 + 17*r + 70. What are the prime factors of z(-18)?
2, 23
Suppose z = -0*o - o + 175, -165 = -o + z. Suppose 5*r + 2*k - 3*k - o = 0, -4*r + 5*k = -115. What are the prime factors of r?
5, 7
Suppose -19*z = -15055 - 3071. List the prime factors of z.
2, 3, 53
Let k be (-2)/(-55)*5 - (-194)/22. Suppose -k*g + 257 = -913. What are the prime factors of g?
2, 5, 13
Suppose -3*s = 3*x - 39, 0 = -6*s + 2*s - 2*x + 56. Let u(m) be the first derivative of -m**4/4 + 14*m**3/3 + 8*m**2 + 13*m + 4. List the prime factors of u(s).
2, 7
Let t(z) = z**3 - 8*z**2 + 5*z + 10. List the prime factors of t(8).
2, 5
Let a = 213 - -552. List the prime factors of a.
3, 5, 17
Let p be (31*2)/(1/(-2)). Let s = p + 173. What are the prime factors of s?
7
Suppose 12 + 886 = 2*g - 5*u, 3*g - u = 1347. List the prime factors of g.
449
Suppose 2*p = 4, -4*p - 17 = -3*o - 4. Let y(s) = -s**3 + 6*s**2 + 7*s + 2. Let g be y(o). Suppose -g*z + 3*z = 5. What are the prime factors of z?
5
Let t(x) = -2*x - x**3 - 3*x**3 - 4*x**2 - 1 + 2. Suppose 5*z + 10 = 2*o, -z + 5*o - 4 = -2. List the prime factors of t(z).
3, 7
Suppose 3*x - 273 = 30. What are the prime factors of x?
101
Let w(u) = u**3 + 3*u**2 - 5*u - 3. Let l = 1 + 0. Let d be (-1 + 1 + -3)*l. List the prime factors of w(d).
2, 3
Let i be (-70)/(-21)*(-30)/(-4). Let r = i - -34. What are the prime factors of r?
59
Let l(j) = j**3 + 6*j**2 + 20*j - 76. What are the prime factors of l(11)?
31, 71
Let a(o) = 